 22619
List the prime factors of 339873.
3, 193, 587
What are the prime factors of 1639022?
2, 7, 11, 29, 367
What are the prime factors of 22532372?
2, 199, 28307
What are the prime factors of 2282205?
3, 5, 152147
List the prime factors of 7844390.
2, 5, 97, 8087
List the prime factors of 497983.
37, 43, 313
What are the prime factors of 4084846?
2, 23, 88801
List the prime factors of 649415.
5, 13, 97, 103
List the prime factors of 2577935.
5, 515587
List the prime factors of 8085707.
7, 1155101
List the prime factors of 9013962.
2, 3, 1502327
What are the prime factors of 258734?
2, 7, 18481
What are the prime factors of 8919440?
2, 5, 111493
List the prime factors of 5468489.
13, 37, 11369
List the prime factors of 3868049.
29, 83, 1607
What are the prime factors of 113730?
2, 3, 5, 17, 223
List the prime factors of 2281192.
2, 47, 6067
What are the prime factors of 18712921?
18712921
List the prime factors of 4322359.
4322359
What are the prime factors of 86552?
2, 31, 349
List the prime factors of 1475844.
2, 3, 19, 6473
List the prime factors of 12925810.
2, 5, 157, 8233
What are the prime factors of 5495583?
3, 1831861
What are the prime factors of 90731?
90731
What are the prime factors of 250489?
250489
What are the prime factors of 309532?
2, 77383
What are the prime factors of 1811334?
2, 3, 7, 61, 101
List the prime factors of 10239284.
2, 11, 232711
What are the prime factors of 5105991?
3, 11, 154727
List the prime factors of 634892.
2, 23, 67, 103
List the prime factors of 529182.
2, 3, 29399
List the prime factors of 1042086.
2, 3, 29, 53, 113
List the prime factors of 717196.
2, 17, 53, 199
List the prime factors of 1720521.
3, 11, 1931
What are the prime factors of 14058238?
2, 1327, 5297
What are the prime factors of 30859178?
2, 7, 1423, 1549
What are the prime factors of 149927?
313, 479
What are the prime factors of 33946?
2, 11, 1543
List the prime factors of 772513.
7, 110359
List the prime factors of 21577488.
2, 3, 17, 31, 853
List the prime factors of 9323354.
2, 103, 45259
List the prime factors of 73788.
2, 3, 11, 13, 43
What are the prime factors of 12727308?
2, 3, 11, 96419
List the prime factors of 664562.
2, 23, 14447
List the prime factors of 78685.
5, 15737
What are the prime factors of 4236725?
5, 137, 1237
List the prime factors of 401302.
2, 11, 17, 29, 37
What are the prime factors of 3883827?
3, 1294609
What are the prime factors of 3984127?
7, 569161
List the prime factors of 13950646.
2, 6975323
What are the prime factors of 431920?
2, 5, 5399
List the prime factors of 1030985.
5, 206197
List the prime factors of 274801.
97, 2833
List the prime factors of 11768798.
2, 787, 7477
What are the prime factors of 21920484?
2, 3, 173, 10559
List the prime factors of 1532796.
2, 3, 127733
What are the prime factors of 6172472?
2, 31, 24889
What are the prime factors of 3285110?
2, 5, 328511
What are the prime factors of 14627699?
3217, 4547
What are the prime factors of 5061493?
5061493
List the prime factors of 276979.
29, 9551
What are the prime factors of 4062798?
2, 3, 31, 809
List the prime factors of 19763685.
3, 5, 199, 2207
List the prime factors of 1630965.
3, 5, 7, 317
What are the prime factors of 994682?
2, 13, 67, 571
List the prime factors of 2032885.
5, 406577
List the prime factors of 14373147.
3, 4791049
List the prime factors of 13401346.
2, 7, 19, 83, 607
List the prime factors of 35080067.
11, 127, 25111
What are the prime factors of 4714?
2, 2357
What are the prime factors of 7514787?
3, 7, 67, 109
What are the prime factors of 987548?
2, 239, 1033
What are the prime factors of 403320?
2, 3, 5, 3361
List the prime factors of 133082.
2, 66541
What are the prime factors of 57637?
57637
List the prime factors of 170882.
2, 43, 1987
List the prime factors of 3745577.
11, 163, 2089
What are the prime factors of 20390443?
23, 886541
List the prime factors of 59340.
2, 3, 5, 23, 43
What are the prime factors of 10333656?
2, 3, 37, 431
List the prime factors of 2939470.
2, 5, 17, 17291
List the prime factors of 1741716.
2, 3, 16127
What are the prime factors of 196307?
196307
List the prime factors of 2510261.
13, 19, 10163
List the prime factors of 2782380.
2, 3, 5, 79, 587
List the prime factors of 322941.
3, 107647
List the prime factors of 4864130.
2, 5, 401, 1213
What are the prime factors of 6783300?
2, 3, 5, 7537
What are the prime factors of 21154649?
107, 211, 937
What are the prime factors of 23228?
2, 5807
What are the prime factors of 4434565?
5, 886913
What are the prime factors of 242480?
2, 5, 7, 433
List the prime factors of 8454660.
2, 3, 5, 29, 43, 113
What are the prime factors of 662083?
662083
List the prime factors of 795482.
2, 41, 89, 109
List the prime factors of 18704.
2, 7, 167
List the prime factors of 1647205.
5, 7, 19, 2477
List the prime factors of 10261196.
2, 11, 101, 2309
What are the prime factors of 412384?
2, 7, 263
List the prime factors of 4768905.
3, 5, 19, 29, 577
List the prime factors of 23612.
2, 5903
What are the prime factors of 14767731?
3, 11, 19, 2617
List the prime factors of 100516.
2, 13, 1933
List the prime factors of 757453.
107, 7079
What are the prime factors of 10919000?
2, 5, 61, 179
What are the prime factors of 1219702?
2, 11, 55441
List the prime factors of 2143807.
23, 83, 1123
What are the prime factors of 208114?
2, 17, 6121
List the prime factors of 6206393.
6206393
What are the prime factors of 2802248?
2, 350281
List the prime factors of 177287.
11, 71, 227
What are the prime factors of 132615?
3, 5, 7, 421
List the prime factors of 132205.
5, 137, 193
What are the prime factors of 143034?
2, 3, 31, 769
What are the prime factors of 16856978?
2, 37, 227797
List the prime factors of 3138355.
5, 11, 43, 1327
List the prime factors of 235268.
2, 11, 5347
List the prime factors of 5515193.
23, 61, 3931
What are the prime factors of 20962326?
2, 3, 7, 11, 17, 157
List the prime factors of 313654.
2, 11, 53, 269
What are the prime factors of 803894?
2, 7, 13, 631
What are the prime factors of 50521?
19, 2659
What are the prime factors of 665392?
2, 7, 13, 457
What are the prime factors of 2361752?
2, 295219
List the prime factors of 2639313.
3, 293257
What are the prime factors of 18138624?
2, 3, 7, 241
What are the prime factors of 8639149?
8639149
What are the prime factors of 3274484?
2, 818621
List the prime factors of 2946153.
3, 7, 239, 587
List the prime factors of 598072.
2, 74759
List the prime factors of 2168636.
2, 31, 17489
What are the prime factors of 5275496?
2, 659437
List the prime factors of 6196142.
2, 3098071
List the prime factors of 2040592.
2, 89, 1433
List the prime factors of 10865752.
2, 23, 59053
What are the prime factors of 374249?
263, 1423
List the prime factors of 92399.
92399
What are the prime factors of 237651?
3, 37, 2141
What are the prime factors of 102974?
2, 51487
List the prime factors of 321901.
321901
What are the prime factors of 17129910?
2, 3, 5, 7, 43, 271
List the prime factors of 2036218.
2, 1018109
List the prime factors of 16318460.
2, 5, 815923
What are the prime factors of 16040632?
2, 2005079
What are the prime factors of 12283136?
2, 47981
List the prime factors of 11602364.
2, 17, 97, 1759
What are the prime factors of 19412423?
19412423
List the prime factors of 3825925.
5, 43, 3559
What are the prime factors of 856964?
2, 31, 6911
List the prime factors of 83721.
3, 11, 43, 59
List the prime factors of 910853.
910853
List the prime factors of 23087377.
17, 23, 137, 431
What are the prime factors of 1431574?
2, 19, 101, 373
List the prime factors of 996390.
2, 3, 5, 11071
List the prime factors of 11416474.
2, 5708237
List the prime factors of 827715.
3, 5, 7, 7883
List the prime factors of 202271.
83, 2437
List the prime factors of 12371.
89, 139
What are the prime factors of 117859?
7, 113, 149
List the prime factors of 3022553.
337, 8969
List the prime factors of 46852.
2, 13, 17, 53
List the prime factors of 17365460.
2, 5, 7, 23, 5393
What are the prime factors of 421138?
2, 29, 53, 137
List the prime factors of 1752868.
2, 13, 2593
What are the prime factors of 3196029?
3, 1065343
List the prime factors of 184425.
3, 5, 2459
List the prime factors of 107273.
107273
Lis